s = h + 3. Calculate the remainder when h is divided by 2.
0
Let s be -3 - -14 - 1*-1. Let y = s - 18. Calculate the remainder when 12 is divided by 14*((-15)/y - 2).
5
Let q be (-8)/(-12) - 97/(-3). Suppose 5*v - 4*v - q = 0. What is the remainder when v is divided by 12?
9
Let z = -85 + 61. Let t = z - -41. Calculate the remainder when t is divided by (-14)/(-3) - 1/(-3).
2
Let k = 2 - 2. Let c(u) = u**2 + 14. Calculate the remainder when c(k) is divided by 5.
4
Suppose 3*l - 5*x = 100, -2*l - 10 + 82 = 2*x. What is the remainder when l is divided by 12?
11
Let f(c) = 2*c**2 + 22*c - 18. Calculate the remainder when 29 is divided by f(-12).
5
Let y = 3 - 1. Calculate the remainder when (-8)/(2 + -3 + -1) is divided by (-5)/10*(y - 6).
0
Let b = 3 + -31. What is the remainder when 26 is divided by ((-1)/2)/(1/b)?
12
Let f be 38/9 + 4/(-18). Suppose -4*n + 5 + 3 = -f*x, 3*n = -4*x + 20. Suppose 5*d = o - 15, -o - d = -3*d - 12. Calculate the remainder when o is divided by n.
2
Let t(j) = -j**2 - 2*j + 2. Let f be t(2). Let q(k) = -k**2 - 7*k - 1. Let i be q(f). Suppose 9 + i = s. Calculate the remainder when 41 is divided by s.
13
What is the remainder when (41/(-2))/(3/(-6)) is divided by 11?
8
Let q be 1/4 - 42/(-24). Let x = 14 + q. What is the remainder when 62 is divided by x?
14
Let o = -9 + 14. Suppose 75 = -0*m + o*m. Suppose 0 = 3*x + 3*k - m, -2*x - 2*k = -4*k + 2. Calculate the remainder when x is divided by 2.
0
Suppose 3*y = -0*y. Suppose 4*m + 232 = -y*m. What is the remainder when (-1 - 0)*m - 2 is divided by 19?
18
Suppose 3*c + m = -3*m + 141, -c + 3*m + 47 = 0. Calculate the remainder when c is divided by 12.
11
Suppose -3*a - 2*p = -p - 28, 4*a - 42 = p. What is the remainder when 28 is divided by a?
8
Suppose -93 - 33 = -9*n. What is the remainder when 41 is divided by n?
13
Let z(u) = -u + 8. Let q be z(8). Suppose -3*n = -2*m - 65, q*n - 5*m = 3*n - 37. Suppose 0 = -6*l + 4*l + 20. What is the remainder when n is divided by l?
9
Suppose 3*n = 86 + 1. Calculate the remainder when n is divided by 6.
5
Let v(x) = 6*x + 15. Let k(g) be the first derivative of -g**2/2 - 3*g + 1. Let b(s) = 11*k(s) + 2*v(s). What is the remainder when 4 is divided by b(6)?
1
Let c = 77 + -65. Suppose 0 = 2*i + 5*k - 25, -5*k + 20 = i - 0*k. Calculate the remainder when c is divided by i.
2
Suppose h + 10 = 6*h. Suppose 0 = 6*k - k - 3*t - 290, 0 = 2*k - h*t - 112. What is the remainder when k is divided by 16?
13
Suppose 0 = 5*i - p - 129 + 55, 3*p = 3*i - 54. Calculate the remainder when 38 is divided by i.
10
Let i(h) = h**3 + 7*h**2 + 5*h + 4. Suppose 0 = -j + 4, 0 = 3*z + j + 2 + 6. What is the remainder when i(z) is divided by 0*(-2)/6 + 1 + 16?
15
Suppose 0 = -2*t + 5*t - 66. Calculate the remainder when t is divided by 14.
8
Let y = 60 - 17. What is the remainder when y is divided by 13?
4
Suppose -3*l + g + 26 = 0, l + g - 30 = -3*l. Calculate the remainder when 62/4 + (-1)/2 is divided by l.
7
Suppose -r + 4 = -t, t - 6*t - 20 = -4*r. Calculate the remainder when 153/3 + t/(-2) is divided by 14.
11
Let f(n) = -13*n - 13. Calculate the remainder when f(-6) is divided by 33.
32
Let c(m) = m**3 + m**2 - 3*m + 1. Let p = -21 - -11. Let v = p + 22. What is the remainder when v is divided by c(2)?
5
Suppose 5*g + 3*s = -s + 9, 4*s - 5 = -g. What is the remainder when (8 - -1) + g + -3 is divided by 4?
3
Suppose 42*d - 48*d + 312 = 0. Calculate the remainder when d is divided by 19.
14
Suppose -s + 2*y + 40 = 0, -5*y + 5 = -4*s + 5*s. What is the remainder when 56 is divided by s?
26
Suppose -46 = 5*u - 271. What is the remainder when u is divided by 5/((-10)/(-24))*1?
9
Suppose -72 = 3*q + 5*h - 242, 3*h = -4*q + 223. Calculate the remainder when q is divided by 20.
15
Let x(n) be the second derivative of n**3/3 + 2*n. Let z(o) = -o**2 + 8*o - 5. Calculate the remainder when x(6) is divided by z(6).
5
Suppose -2*s + 126 = 5*s. Calculate the remainder when 87 is divided by s.
15
Suppose -151 = -y - 2*y + x, 5*x + 143 = 3*y. What is the remainder when 99 is divided by y?
48
Suppose -16*z + 12*z = -976. What is the remainder when z is divided by 41?
39
Suppose n = 2*t - 9, 2*t + 2*n - 19 = 5*n. What is the remainder when t is divided by 2?
0
Let x(m) = m**3 - 3*m**2 - 2*m + 3. Let g be x(4). Suppose 0 = v + 4*u + 16, 29 = v + 3*u - 8*u. Calculate the remainder when (g/(-4))/(2/(-8)) is divided by v.
3
What is the remainder when 680/32 - (-2)/(-8) is divided by 11?
10
Let s(t) = t**2 - 6*t + 2. Let f(o) = o**3 - 9*o**2 + 8*o + 6. Let b be f(8). Suppose l + 20 = b*l. Calculate the remainder when l is divided by s(6).
0
Suppose l = 2*l - 5. Suppose 0 = 2*i - 0 - 8. Let j(w) = 2*w + 5. What is the remainder when j(i) is divided by l?
3
Suppose -3*y + 229 = y + f, y + 5*f - 43 = 0. Calculate the remainder when y is divided by 21.
16
Let r = 30 - 18. Let a = -4 + r. Let j = 15 + 16. Calculate the remainder when j is divided by a.
7
Let x be (6 + -5)*(2 + 0). Suppose -x = -b + 3. Calculate the remainder when 19 is divided by b.
4
Suppose 9*u + 38 = 10*u. Suppose -3*a = -5*a + 52. Let f = u - a. Calculate the remainder when 22 is divided by f.
10
Let c(r) = r**3 + 8*r**2 - 6*r + 1. Let d(o) = o**2 - o. Let z be 0 - (2/(-2))/1. Let s(g) = z*c(g) - 2*d(g). What is the remainder when s(-6) is divided by 9?
7
Suppose 0 = h - 71 + 66. Calculate the remainder when 5 is divided by h.
0
Suppose 0 = -2*b + 5 + 5. What is the remainder when b is divided by 2?
1
Suppose 2*y + 2*y - 72 = 0. Let g = -4 - -2. What is the remainder when y is divided by (2 + -4)/(g/7)?
4
Let p(r) = 3*r + 6. Suppose j - 15 = -a, 4*a - 2*j - 13 - 17 = 0. Calculate the remainder when p(7) is divided by 144/a + (-14)/35.
13
Suppose 0 = -5*o + 12 + 73. Calculate the remainder when 27 is divided by o.
10
Suppose 0 = 2*a + 3*b - 54, -2*a + 104 = 2*a + 4*b. Suppose 0 = 2*p - p - 5. Suppose -p*f = 5, -3*s - f = -s - 17. What is the remainder when a is divided by s?
6
Let z(f) be the first derivative of 4*f**3/3 - 3*f**2/2 + f - 1. Let a = -6 - -8. Calculate the remainder when z(a) is divided by 4.
3
Let x(f) = -9*f**2 + 12*f - 6. Let l(v) = 4*v**2 - 6*v + 3. Let g(j) = 7*l(j) + 3*x(j). What is the remainder when 55 is divided by g(8)?
17
Let d be (-3)/(-12) - 39/(-4). Let v be (-27)/(-5) - 4/d. Suppose h - 16 = -v. What is the remainder when 31 is divided by h?
9
Suppose 5*q = u + 3*u + 60, -2*q - 9 = 5*u. Calculate the remainder when 190/14 + (-8)/14 is divided by q.
5
Let a = -312 - -183. Calculate the remainder when a*4/((-12)/1) is divided by 11.
10
Calculate the remainder when 39 is divided by (10/3)/(9/54).
19
Calculate the remainder when 8 is divided by 8/(-5)*(10 - 15).
0
Let t(x) = x + 5. Let p be t(0). Suppose -1 = -p*k + 24. Calculate the remainder when 19 is divided by k.
4
Suppose -2*k + k + 4*l = -40, 2*k - 56 = 2*l. Calculate the remainder when 67 is divided by k.
19
Suppose -d + 0*d - 3*o - 4 = 0, -8 = 2*d - 4*o. Let k(i) = -10*i - 8. What is the remainder when k(d) is divided by 7?
4
Suppose 4*r - 7 = -5*p + 29, p + 2*r - 6 = 0. Suppose 2*b - 3*t = 6*b + 27, -2*t = -b + 7. Calculate the remainder when (-3)/(-4)*(-60)/b is divided by p.
7
Suppose 36 = 4*n - 12. Let g(u) = 2*u**3 + 2*u**2 - u - 2. Let t be g(-2). Let w = 42 + t. Calculate the remainder when w is divided by n.
10
Suppose 19 + 5 = -4*f. Let b = 10 + f. Suppose 32 = b*v - 2*v. Calculate the remainder when 30 is divided by v.
14
What is the remainder when (-3 - -2)*-37 + -1 is divided by 13?
10
Let k = 10 + -2. Suppose 60 = 4*t - k. Calculate the remainder when t is divided by 6.
5
Let t = -7 - -14. Suppose 2*p - 26 = 2*i, 8*i - 3*i + 41 = 3*p. Calculate the remainder when p is divided by t.
5
Let v = -4 + 6. Suppose 2*n - 2*k = 76, -v*n = 2*k - 59 - 25. Suppose 2*d - 6 - 22 = 0. Calculate the remainder when n is divided by d.
12
Suppose -10 - 7 = j. Let l be (-240)/(-7) + (-4)/14. Let t = l + j. Calculate the remainder when t is divided by 6.
5
Let g(l) = -l**2 - 9*l - 3. Let v(t) = t**3 + 8*t**2 - 9*t - 8. Let q be v(-9). Calculate the remainder when 17 is divided by g(q).
2
Let f(y) = -y**3 + 12*y**2 + 14*y - 3. What is the remainder when f(13) is divided by 1?
0
Suppose -136 = -2*b - 2*b. Let r = 9 + 3. Wha